se 14?
7c
Convert 1041 (base 5) to base 2.
10010010
10532 (base 6) to base 10
1496
102 (base 8) to base 6
150
What is -2022041 (base 5) in base 4?
-20000003
What is 101224 (base 5) in base 10?
3314
What is 4543 (base 9) in base 7?
12540
1db (base 16) to base 3
122121
Convert 25b (base 13) to base 5.
3124
467 (base 11) to base 10
557
c8 (base 13) to base 5
1124
What is 114423 (base 7) in base 6?
240133
What is 506 (base 8) in base 6?
1302
-356 (base 7) to base 14
-d6
Convert -110202 (base 4) to base 11.
-a95
Convert -3cb1 (base 15) to base 12.
-7627
What is -11011001111 (base 2) in base 6?
-12023
What is -254241 (base 6) in base 13?
-a609
Convert 13130 (base 5) to base 15.
495
1d6 (base 15) to base 10
426
Convert -16033 (base 7) to base 12.
-2717
What is 262 (base 11) in base 15?
15a
Convert 220200120 (base 3) to base 5.
1033442
-289 (base 16) to base 15
-2d4
-3a62 (base 11) to base 8
-12227
-101011100100011 (base 2) to base 11
-1583a
4106 (base 7) to base 14
73d
-11010001101111 (base 2) to base 12
-7927
10132 (base 4) to base 2
100011110
1348 (base 10) to base 16
544
What is 104440 (base 5) in base 13?
1921
What is -4c7 (base 13) in base 9?
-1132
11010011000000 (base 2) to base 13
61ba
Convert 4701 (base 8) to base 5.
34442
What is -1001000111100 (base 2) in base 5?
-122133
14559 (base 11) to base 15
61a9
-15727 (base 8) to base 14
-2851
202501 (base 7) to base 16
86f2
Convert -641 (base 9) to base 14.
-295
What is 86b6 (base 15) in base 9?
43110
111112 (base 4) to base 6
10154
Convert 2491 (base 15) to base 14.
2ba2
What is -2553 (base 8) in base 3?
-1220101
861 (base 11) to base 13
618
Convert -873 (base 12) to base 4.
-103113
Convert -7161 (base 8) to base 9.
-5057
-14a4 (base 15) to base 14
-1885
Convert -14753 (base 9) to base 11.
-7645
What is 452 (base 11) in base 14?
2a9
Convert 69b (base 12) to base 9.
1312
-1149a (base 16) to base 5
-4231220
Convert -5a (base 13) to base 15.
-50
Convert -21155 (base 6) to base 13.
-1406
Convert b0a (base 12) to base 2.
11000111010
What is 512 (base 12) in base 9?
1005
Convert 11101000101 (base 2) to base 13.
b02
Convert -823 (base 12) to base 7.
-3303
What is -3322133 (base 4) in base 6?
-202115
What is 100010211 (base 3) in base 6?
50504
Convert 1202423 (base 5) to base 4.
11123132
What is -399 (base 13) in base 6?
-2533
What is 20122120 (base 3) in base 14?
1aa4
4300204 (base 5) to base 12
35761
Convert 122102002 (base 3) to base 10.
12692
-100111101010110 (base 2) to base 10
-20310
Convert -684 (base 12) to base 2.
-1111000100
Convert -27758 (base 12) to base 15.
-112ce
-11003022 (base 4) to base 16
-50ca
Convert 20110011 (base 3) to base 12.
287a
What is -1370 (base 13) in base 10?
-2795
Convert 12301 (base 5) to base 11.
795
Convert 755 (base 13) to base 15.
588
What is -67274 (base 8) in base 14?
-a48c
What is -8215 (base 15) in base 8?
-65516
Convert -4b2 (base 12) to base 7.
-2033
What is -111101101101 (base 2) in base 6?
-30141
What is -3630 (base 16) in base 11?
-a471
Convert 106 (base 15) to base 11.
1a0
What is 506151 (base 7) in base 3?
11101012210
101 (base 2) to base 7
5
Convert -1102310 (base 4) to base 16.
-14b4
Convert -b63 (base 15) to base 5.
-40233
What is 1317 (base 8) in base 9?
878
What is -3860 (base 9) in base 16?
-b49
Convert 2ca (base 14) to base 6.
2350
What is -2b2 (base 16) in base 12?
-496
What is 555 (base 11) in base 14?
357
What is -379 (base 13) in base 5?
-4412
What is 582 (base 12) in base 6?
3442
Convert 563 (base 14) to base 12.
74b
-2030 (base 6) to base 14
-242
What is 13202 (base 4) in base 3?
122212
What is -22065 (base 7) in base 14?
-2035
-7037 (base 8) to base 16
-e1f
268a (base 14) to base 4
1222002
10012022 (base 3) to base 7
6536
Convert -31300 (base 8) to base 4.
-3023000
6c5 (base 16) to base 12
1005
-102013 (base 4) to base 7
-3244
-20634 (base 7) to base 3
-21000200
What is -5025 (base 7) in base 11?
-1337
What is -17236 (base 9) in base 3?
-121021020
1137 (base 8) to base 9
744
Convert -c25 (base 16) to base 5.
-44414
What is ea (base 16) in base 2?
11101010
Convert -4468 (base 12) to base 6.
-55012
Convert -2200 (base 5) to base 4.
-10230
What is -233111 (base 5) in base 11?
-6456
What is 23044 (base 5) in base 3?
2021002
Convert 1001101111 (base 2) to base 15.
2b8
-537 (base 14) to base 7
-3000
-215 (base 11) to base 12
-196
What is -133221 (base 4) in base 12?
-1209
What is -11403 (base 8) in base 10?
-4867
Convert -1405 (base 13) to base 4.
-230332
Convert -378 (base 12) to base 3.
-201102
-100608 (base 9) to base 3
-10000200022
What is 227 (base 9) in base 16?
bb
-27270 (base 9) to base 8
-44022
What is -16861 (base 12) in base 13?
-1193b
What is -202 (base 11) in base 2?
-11110100
What is 42022 (base 7) in base 5?
312211
What is -111000011000 (base 2) in base 15?
-1108
What is 112 (base 12) in base 10?
158
Convert -3a29 (base 14) to base 5.
-311404
What is -2393 (base 13) in base 3?
-20212222
Convert -11b3 (base 13) to base 14.
-cb6
What is 24187 (base 11) in base 15?
a4b7
-111011100111 (base 2) to base 13
-1976
What is -21100221 (base 3) in base 16?
-14fb
Convert 6260 (base 12) to base 7.
43164
-10100001011 (base 2) to base 16
-50b
What is -2448 (base 9) in base 2?
-11100100010
What is -bb (base 12) in base 7?
-263
Convert 15c7a (base 13) to base 9.
63145
60110 (base 9) to base 11
2770a
What is -114 (base 11) in base 3?
-12001
Convert 214 (base 8) to base 16.
8c
-4450 (base 6) to base 3
-1102110
What is -33030 (base 9) in base 10?
-21897
What is 100114 (base 5) in base 7?
12132
What is 1232 (base 9) in base 16?
398
Convert 377c (base 15) to base 4.
2320221
Convert -1254 (base 10) to base 3.
-1201110
Convert -23221 (base 4) to base 8.
-1351
What is 1371 (base 14) in base 7?
13001
Convert 1d277 (base 14) to base 5.
4341320
Convert a0b2 (base 15) to base 13.
12590
4100444 (base 5) to base 7
362455
Convert 1354 (base 12) to base 5.
32344
Convert -20150 (base 6) to base 7.
-10515
Convert 191 (base 10) to base 13.
119
What is 1631 (base 7) in base 9?
812
Convert -65c (base 15) to base 12.
-9b9
-1111101111 (base 2) to base 12
-6bb
-2321 (base 9) to base 6
-11544
616 (base 7) to base 14
17d
Convert 2001 (base 3) to base 6.
131
Convert -264 (base 11) to base 13.
-1b0
What is 24352 (base 6) in base 8?
7014
What is 2d7 (base 14) in base 15?
28b
What is 14011 (base 5) in base 12?
7a3
Convert -1153 (base 12) to base 7.
-5433
Convert 21221 (base 4) to base 8.
1151
Convert 1001010001 (base 2) to base 7.
1505
What is -2274 (base 12) in base 7?
-14113
Convert 41533 (base 12) to base 7.
504033
What is c3d (base 16) in base 14?
11db
Convert -483 (base 14) to base 12.
-62b
What is -3263 (base 7) in base 9?
-1542
What is -33a (base 13) in base 10?
-556
Convert -4570 (base 10) to base 9.
-6237
Convert -3220 (base 5) to base 6.
-2003
What is 12403 (base 5) in base 7?
2565
What is 5426 (base 7) in base 15?
88b
Convert 13354 (base 9) to base 6.
105504
Convert 302213 (base 5) to base 7.
40142
-aa (base 13) to base 15
-95
-19460 (base 11) to base 15
-80b5
734 (base 9) to base 13
370
414 (base 15) to base 12
647
Convert -2443012 (base 5) to base 8.
-133050
Convert -1110101101 (base 2) to base 10.
-941
Convert -a833 (base 11) to base 4.
-3133222
-414524 (base 6) to base 15
-9daa
Convert 3102 (base 7) to base 2.
10000111000
Convert 133 (base 5) to base 15.
2d
Convert a4 (base 16) to base 9.
202
What is -1210012 (base 4) in base 9?
-8707
Convert -1031 (base 4) to base 15.
-52
Convert -6065 (base 10) to base 5.
-143230
Convert 66021 (base 8) to base 5.
1341130
What is 5311 (base 6) in base 7?
3325
Convert -168b (base 13) to base 4.
-303332
What is -16135 (base 11) in base 10?
-22786
What is 295 (base 10) in base 16?
127
-215436 (base 7) to base 2
-1001010001000001
What is -11111111111 (base 2) in base 4?
-133333
What is 30866 (base 10) in base 15?
922b
-19b92 (base 12) to base 5
-2203412
What is 717 (base 11) in base 13?
517
Convert 120634 (base 7) to base 13.
9c9a
6513 (base 14) to base 4
10100311
-146234 (base 7) to base 11
-1a533
-2635 (base 12) to base 9
-5875
What is -10010110001 (base 2) in base 15?
-551
1070 (base 10) to base 5
13240
-241214 (base 6) to base 4
-11020222
7077 (base 11) to base 3
110220012
Convert -564 (base 8) to base 12.
-270
-3616 (base 7) t